= 2*w**2 + 0*w + 2*w**2 - 2*w + 6*w**2 + 4. Let k be l(d). What is the highest common factor of k and 11?
11
Suppose 0 = -2*p + 2, -d + 0*p + 4*p = -5. Let h be ((-297)/(-15))/(2/10). Calculate the greatest common divisor of d and h.
9
Let a(r) = -3*r. Let x be a(-2). Let i be (1 - 1) + 182 + -4. Suppose -3*c = 3*z - 2*z - 78, 5*c = 3*z - i. Calculate the greatest common divisor of x and z.
6
Let k = -29 + 59. Let o = -18 + k. Calculate the highest common divisor of 96 and o.
12
Let z(h) = h**2 - 5*h - 2. Let x be z(4). Let w be x/(0 - (-2)/(-6)). What is the highest common divisor of w and 12?
6
Let r = -8 - -56. Calculate the highest common factor of r and 12.
12
Suppose 2*l + 104 = 4*l. Suppose -5*x + 11 = 1. Suppose -52 = -x*b - 2*b. What is the greatest common divisor of b and l?
13
Suppose -5*h + 23 = z, 2*z + 2*h - h = 1. Let o be (-20 - z)*6/(-9). Let v be 2 + 0 + (-28)/(-1). What is the highest common divisor of o and v?
6
Let l(x) be the second derivative of 5*x**4/4 - x**3/6 + 3*x. Let j be l(-1). Calculate the greatest common factor of j and 40.
8
Let v(g) = -7*g - 51. Let y be v(-8). Calculate the highest common divisor of 55 and y.
5
Suppose -4*s + 0*s + 16 = 0. Let l = -12 - -56. Calculate the highest common factor of s and l.
4
Suppose 0*f - 2*f + 5*j + 39 = 0, -f = -4*j - 18. Suppose -3*d + 4*t - 168 = -4*d, -2*d + 3*t + 358 = 0. What is the greatest common divisor of f and d?
22
Suppose 0*k = -3*k + 216. Let y(a) = -2*a**2 + 18*a + 28. Let u be y(10). Calculate the greatest common factor of k and u.
8
Suppose -o = -6 - 4. What is the highest common divisor of 10 and o?
10
Suppose -13 - 5 = -2*m. What is the greatest common factor of m and 81?
9
Suppose -5 + 1 = -u. Let l(j) = 4*j - 5. Let h be l(5). Let x be (-10)/h - 8/(-3). What is the highest common factor of u and x?
2
Let d(v) = -v. Let u be d(-9). Suppose -5*q + 24 = 3*n, q + q = 5*n - u. Calculate the greatest common divisor of q and 2.
1
Let a = -24 - -41. Suppose 4*l = -0*l + 20. Suppose l*w - c - 101 = 3*c, 2*c = 3*w - 59. Calculate the highest common factor of w and a.
17
Let x be 103 + -5 + -1 + -1. Let h be 1*(-3 - -2)*-14. Let o = h + -2. Calculate the greatest common factor of o and x.
12
Let s = 10 + -3. Let x = -7 - -21. What is the greatest common divisor of x and s?
7
Let f = 80 - 50. Calculate the highest common divisor of 20 and f.
10
Suppose 3*k = 3*j - 9 - 0, 3*j + 3*k = 39. Let i be 3/2 - 4/j. What is the greatest common divisor of 8 and i?
1
Let r be ((-3)/5)/(3/(-15)). Suppose z = 5 - 1. Let i = z + 5. What is the highest common divisor of i and r?
3
Let v(b) = b**3 + 9*b**2 + 3*b - 9. Let c be v(-8). What is the greatest common factor of 62 and c?
31
Let p = 62 - 44. Calculate the greatest common factor of 54 and p.
18
Let r = 30 - 15. Let g(k) = 22*k**3 - k + 1. Let b be g(1). Suppose -4*t + 3 = a - 20, -2*t - 4*a + b = 0. Calculate the highest common factor of t and r.
5
Let r(z) = 16*z**2 - 4*z - 4. Let s(a) = -17*a**2 + 4*a + 5. Let p(v) = 4*r(v) + 3*s(v). Let j be p(3). Calculate the greatest common factor of 13 and j.
13
Suppose 3*f = 3*w + 15, -f = 4*f + 4*w - 7. Let z be -2*(-8)/(f - 1). What is the highest common factor of 8 and z?
8
Let z be 0 + 10 + 1*-1. Let t(y) = -y**3 + 3*y**2 - y + 6. Let h be t(3). What is the highest common divisor of z and h?
3
Let g(l) = -2*l + 7. Let w be g(7). Let k = 3 - w. Suppose 26 = 4*v - k. Calculate the greatest common factor of v and 99.
9
Suppose 4*v = 3*x + 129, 0*v + 2*v - 63 = 3*x. Calculate the greatest common divisor of 22 and v.
11
Let v(q) = 2*q**3 - 22*q**2 + 3*q + 31. Let m be v(12). What is the greatest common divisor of m and 71?
71
Suppose -4*l + 0*l + 3*h = -139, -5*l - 4*h = -166. What is the greatest common divisor of l and 238?
34
Let z be 9/(-6) + 3/2. Suppose 4*x + 16 = z, 0*l + x = l - 76. What is the highest common divisor of 12 and l?
12
Let u be ((-8)/(-6))/(3*(-1)/(-18)). Let v(s) = -21*s - 1. Let a be v(-1). What is the greatest common factor of a and u?
4
Let w = -16 - -34. Suppose 0 = -u + 4, -4*j = -4*u + u - 60. Calculate the greatest common factor of j and w.
18
Suppose -5*j = -2*a - 0*j + 6, 2*a + j = 6. Calculate the greatest common divisor of 6 and a.
3
Let j = -34 - -36. What is the greatest common divisor of 18 and j?
2
Suppose 0 = 3*s - 2*s - 175. Calculate the highest common divisor of 25 and s.
25
Let s(x) = -x**2 - 4*x + 2. Let q be s(-4). Let u be (-2)/2 + q - -65. What is the greatest common divisor of 6 and u?
6
Suppose 0 = -3*y + 3, -3*i = 5*y - 9 - 5. Let u = i + 17. What is the highest common factor of 10 and u?
10
Let j(i) = 3*i**3 - i. Let a be j(1). What is the greatest common factor of a and 8?
2
Let y(c) = -c**3 - 12*c**2 - 2*c + 8. Let g be y(-12). Calculate the greatest common divisor of g and 128.
32
Let c(h) = -h + 8. Let v be c(6). Suppose k = -v*k + 60. Let g(z) = 2*z + 2. Let x be g(4). Calculate the greatest common divisor of k and x.
10
Suppose 2*m + 9 = h, -2*m = 2*h - 6*h + 12. Let y be (1 - h) + 0 + 48. Suppose 6*q - 2*q = y. Calculate the greatest common factor of 60 and q.
12
Suppose -3*v - 3*p + 42 = 0, -5*p + 26 = v - 10*p. Suppose -2*o + 8 = -o. Calculate the highest common divisor of o and v.
8
Suppose -2*m - 3*m = k - 70, 2*m + 3*k = 28. What is the greatest common divisor of m and 2?
2
Let t(o) = -o**3 + 3*o**2 - 1. Let i be t(2). Suppose r + i*b - 5*b = 18, -87 = -3*r - 5*b. Calculate the greatest common divisor of r and 12.
12
Suppose 6*q = 2*q + 20. Let f = q + 91. Suppose -5*o + 57 = -c, 0*o + c - 15 = -o. What is the greatest common divisor of o and f?
12
Suppose 3*g - 5 - 19 = 0. Calculate the highest common divisor of g and 88.
8
Let s = 7 + -1. Let c(v) = s + v + 4*v - 1 - 2*v. Let a be c(5). What is the highest common factor of 8 and a?
4
Suppose -3*c = j - 237 - 124, 6 = -3*j. Suppose -2*v - 3*t + 7*t + 6 = 0, 0 = v - 4*t + 5. Calculate the greatest common divisor of c and v.
11
Let f = -5 - -9. Suppose -3*a - a - 2*s = 0, 5*s + 5 = -5*a. Let l = f + a. Calculate the highest common factor of l and 10.
5
Let f be (1 - 5) + 5 + 16. What is the highest common divisor of 17 and f?
17
Let q(t) = 5*t**2 - 4. Let v be q(6). Let i = 52 + -30. What is the highest common factor of v and i?
22
Let f(v) = -v**2 + 4*v + 7. Let j be f(5). Suppose j*g - 96 = -12. What is the highest common divisor of 28 and g?
14
Suppose f + 10 = -f. Let m = -3 - f. Suppose -5*o = -i - 9, -i + m*i - 2*o = 0. Calculate the greatest common divisor of i and 18.
6
Let r be (-1)/3 - 70/6. Let p = r - -17. Let o be 3 - (-2 + 2 + -2). Calculate the greatest common divisor of p and o.
5
Let b(q) = -38*q - 2. Let d be b(-1). What is the greatest common divisor of 4 and d?
4
Suppose 0 = -4*y + 4*i + 128, -5*i + 5 = -y + 37. Suppose -5*h = -m + 32, m + h = -m + 9. Let p = m - 3. Calculate the highest common divisor of p and y.
4
Let t(p) be the first derivative of -p**4/4 - 4*p**3/3 - p**2 - 3*p - 4. Let q be t(-4). Calculate the greatest common factor of q and 10.
5
Let l = 10 + -6. Suppose -74 - 176 = -5*f. Suppose z + l*z - f = 0. What is the greatest common divisor of z and 80?
10
Let m(u) = -u**2 - 20*u - 19. Let i be m(-14). What is the greatest common factor of 39 and i?
13
Let u be (-210)/(-18) + 3/9. Let p be (-16)/u*(-6)/4. Calculate the greatest common factor of p and 20.
2
Let g = -21 + 35. Calculate the highest common divisor of g and 154.
14
Let x = 42 + -59. Let z = x + 32. What is the greatest common factor of z and 45?
15
Let c(n) be the second derivative of n**5/20 - 5*n**4/12 + n**3/3 - n**2 + n. Let v be c(5). Calculate the greatest common factor of v and 2.
2
Let o be 710/6 + 2/3. Suppose 7 + o = 3*p. Let x be 2196/78 - (2 + (-72)/39). What is the highest common divisor of x and p?
14
Suppose -3*g + 393 = 3*n + 2*n, g + 3*n = 127. What is the highest common divisor of g and 17?
17
Let g(f) = -f + 17. Let z be g(7). Calculate the greatest common divisor of z and 15.
5
Let c(s) = s**2 - 3*s + 7. Let j = -13 + 23. Let u be c(j). What is the greatest common factor of u and 7?
7
Suppose -3*k + 1 = 2*h - 6, 6 = k - 3*h. Suppose 3*d - 81 = -3*t, -3*t - d + 2 = -79. What is the highest common divisor of k and t?
3
Let w = -10 - 55. Let g be (-3)/5 -